ime factors of 2266416.
2, 3, 15739
List the prime factors of 1175702.
2, 11, 53441
What are the prime factors of 213852?
2, 3, 71, 251
List the prime factors of 539958.
2, 3, 31, 2903
What are the prime factors of 287456?
2, 13, 691
List the prime factors of 1454910.
2, 3, 5, 48497
List the prime factors of 239974.
2, 7, 61, 281
List the prime factors of 353975.
5, 14159
What are the prime factors of 171060?
2, 3, 5, 2851
List the prime factors of 570358.
2, 285179
What are the prime factors of 392074?
2, 43, 47, 97
What are the prime factors of 515844?
2, 3, 7, 23, 89
List the prime factors of 4492562.
2, 2246281
List the prime factors of 1871527.
7, 41, 6521
List the prime factors of 4840308.
2, 3, 11, 17, 719
What are the prime factors of 309706?
2, 17, 9109
List the prime factors of 1299354.
2, 3, 7, 30937
List the prime factors of 1593299.
1593299
List the prime factors of 9740468.
2, 47, 197, 263
What are the prime factors of 735230?
2, 5, 73523
List the prime factors of 2161577.
11, 37, 47, 113
What are the prime factors of 417410?
2, 5, 7, 67, 89
List the prime factors of 2132256.
2, 3, 7, 19, 167
What are the prime factors of 23974467?
3, 11, 83, 8753
List the prime factors of 353260.
2, 5, 17, 1039
What are the prime factors of 6992584?
2, 83, 10531
List the prime factors of 5703657.
3, 1901219
List the prime factors of 10621031.
2383, 4457
List the prime factors of 1565860.
2, 5, 59, 1327
List the prime factors of 220761.
3, 19, 1291
List the prime factors of 483698.
2, 73, 3313
List the prime factors of 251667.
3, 13, 239
What are the prime factors of 9568232?
2, 1196029
List the prime factors of 5900632.
2, 17, 43, 1009
List the prime factors of 77353.
103, 751
What are the prime factors of 3547261?
223, 15907
What are the prime factors of 269128?
2, 33641
List the prime factors of 2453625.
3, 5, 727
What are the prime factors of 5374509?
3, 7, 37, 6917
What are the prime factors of 410888?
2, 51361
What are the prime factors of 4579767?
3, 29, 5849
What are the prime factors of 2067594?
2, 3, 344599
What are the prime factors of 81116?
2, 7, 2897
What are the prime factors of 15617509?
17, 918677
What are the prime factors of 990583?
11, 90053
List the prime factors of 22971.
3, 13, 19, 31
List the prime factors of 5646467.
97, 58211
What are the prime factors of 8251308?
2, 3, 13, 653
List the prime factors of 2145051.
3, 238339
What are the prime factors of 284336?
2, 13, 1367
What are the prime factors of 799776?
2, 3, 2777
List the prime factors of 69723.
3, 61, 127
List the prime factors of 769500.
2, 3, 5, 19
List the prime factors of 1816233.
3, 605411
List the prime factors of 1273293.
3, 7, 6737
What are the prime factors of 4856309?
4856309
List the prime factors of 2969414.
2, 7, 113, 1877
List the prime factors of 12815209.
11, 23, 37
List the prime factors of 662411.
37, 17903
What are the prime factors of 342386?
2, 11, 79, 197
List the prime factors of 378659.
277, 1367
List the prime factors of 15549719.
15549719
List the prime factors of 299463.
3, 173, 577
What are the prime factors of 8788099?
17, 516947
What are the prime factors of 88849?
23, 3863
What are the prime factors of 810300?
2, 3, 5, 37, 73
List the prime factors of 12464204.
2, 3116051
List the prime factors of 173901.
3, 7, 13
What are the prime factors of 1928431?
71, 157, 173
What are the prime factors of 7883865?
3, 5, 11, 5309
List the prime factors of 602721.
3, 7, 1063
List the prime factors of 141143.
29, 31, 157
List the prime factors of 3424675.
5, 136987
List the prime factors of 337333.
73, 4621
What are the prime factors of 75823?
11, 61, 113
What are the prime factors of 1370376?
2, 3, 7, 2719
What are the prime factors of 345651?
3, 29, 137
List the prime factors of 832084.
2, 11, 18911
List the prime factors of 334363.
334363
List the prime factors of 301184.
2, 13, 181
List the prime factors of 220428.
2, 3, 13, 157
What are the prime factors of 1486824?
2, 3, 41, 1511
List the prime factors of 2775886.
2, 1387943
List the prime factors of 8544041.
11, 67, 11593
List the prime factors of 167786.
2, 43, 1951
What are the prime factors of 180630?
2, 3, 5, 223
List the prime factors of 4950040.
2, 5, 47, 2633
List the prime factors of 1995544.
2, 43, 5801
List the prime factors of 1119491.
113, 9907
List the prime factors of 2768467.
13, 17, 12527
List the prime factors of 728712.
2, 3, 29, 349
What are the prime factors of 1517865?
3, 5, 47, 2153
What are the prime factors of 227946?
2, 3, 37991
What are the prime factors of 161638?
2, 80819
What are the prime factors of 255078?
2, 3, 37, 383
List the prime factors of 368913.
3, 122971
What are the prime factors of 144558?
2, 3, 2677
List the prime factors of 8010279.
3, 23, 12899
What are the prime factors of 5752721?
13, 442517
List the prime factors of 352703.
13, 2087
What are the prime factors of 23812420?
2, 5, 337, 3533
What are the prime factors of 1068445?
5, 7, 89
What are the prime factors of 540078?
2, 3, 7, 11, 167
What are the prime factors of 74838?
2, 3, 12473
What are the prime factors of 21678822?
2, 3, 11, 103, 1063
List the prime factors of 2770679.
653, 4243
What are the prime factors of 18287516?
2, 13, 29, 67, 181
List the prime factors of 686214.
2, 3, 67, 569
List the prime factors of 169093.
169093
List the prime factors of 12289027.
97, 126691
What are the prime factors of 12575826?
2, 3, 607, 1151
What are the prime factors of 12401310?
2, 3, 5, 479, 863
List the prime factors of 4716917.
131, 36007
What are the prime factors of 789107?
11, 23, 3119
List the prime factors of 15219823.
523, 29101
What are the prime factors of 20645283?
3, 23, 13009
List the prime factors of 4189555.
5, 229, 3659
What are the prime factors of 59045?
5, 7, 241
List the prime factors of 262379.
13, 20183
List the prime factors of 1874443.
1874443
List the prime factors of 36663617.
36663617
List the prime factors of 17416435.
5, 3483287
List the prime factors of 15164252.
2, 3791063
What are the prime factors of 7657876?
2, 1914469
List the prime factors of 9566058.
2, 3, 109, 14627
List the prime factors of 18534498.
2, 3, 3089083
List the prime factors of 284380.
2, 5, 59, 241
List the prime factors of 410366.
2, 11, 23, 811
What are the prime factors of 400451?
37, 79, 137
What are the prime factors of 1348971?
3, 13, 34589
What are the prime factors of 34895529?
3, 163, 881
What are the prime factors of 29644599?
3, 41, 241013
List the prime factors of 5768858.
2, 173, 16673
What are the prime factors of 159039?
3, 41, 431
List the prime factors of 38351122.
2, 19175561
What are the prime factors of 6297650?
2, 5, 17, 31, 239
List the prime factors of 7571614.
2, 19, 10487
What are the prime factors of 2480047?
79, 31393
List the prime factors of 99818.
2, 29, 1721
List the prime factors of 217989.
3, 53, 457
List the prime factors of 6710042.
2, 3355021
What are the prime factors of 1607671?
13, 123667
List the prime factors of 982635.
3, 5, 109, 601
List the prime factors of 100638.
2, 3, 5591
What are the prime factors of 225661?
113, 1997
What are the prime factors of 760592?
2, 7, 6791
List the prime factors of 273995.
5, 54799
What are the prime factors of 19164054?
2, 3, 7, 13, 35099
List the prime factors of 1799393.
1799393
What are the prime factors of 885162?
2, 3, 151, 977
What are the prime factors of 6169794?
2, 3, 19, 54121
List the prime factors of 99271.
37, 2683
List the prime factors of 4542671.
7, 648953
What are the prime factors of 2153087?
59, 36493
List the prime factors of 250861.
13, 23, 839
List the prime factors of 699308.
2, 79, 2213
List the prime factors of 3296918.
2, 19, 53, 1637
List the prime factors of 53326.
2, 7, 13, 293
List the prime factors of 110543.
110543
What are the prime factors of 641210?
2, 5, 37, 1733
What are the prime factors of 226855?
5, 59, 769
What are the prime factors of 219464?
2, 7, 3919
What are the prime factors of 4916290?
2, 5, 31, 15859
What are the prime factors of 722753?
379, 1907
What are the prime factors of 23385?
3, 5, 1559
What are the prime factors of 1257837?
3, 7, 89, 673
What are the prime factors of 1820793?
3, 13, 46687
What are the prime factors of 681089?
681089
List the prime factors of